Suppose 0 = 3*r + 2*s - j, -401 - 81 = -2*r - 4*s. Is r a composite number?
False
Let j be 124/44 - (-4)/22. Suppose 2*n = j*n - 185. Is n a prime number?
False
Let l be (-4)/18 - 33/(-27). Suppose -154 - l = -5*p. Is p composite?
False
Let f = -74 - -177. Suppose -q = -2*q + f. Is q a composite number?
False
Suppose -5*f + f + 4*v - 4 = 0, 4 = -4*v. Let m be ((-279)/1)/(9/(-6)). Is f - (-2)/(4/m) prime?
False
Let t(o) = -o**3 + 5*o**2 + 7*o - 4. Suppose -24 = -3*p - p. Let g be t(p). Is (-108)/(-15) - g/10 prime?
True
Let r(d) = -d**2 + 5*d - 1. Let y be r(2). Suppose -y*n + 650 = 5*p, -4*n + 654 = p + 4*p. Is p a prime number?
False
Let p = -3 + 5. Let w(x) = -1 + 12*x + p - 3 + 0. Is w(2) a prime number?
False
Let d(j) = 200*j**2 - j. Is d(1) composite?
False
Suppose -d = 1, -3*f - 3*d - 3 = -4*f. Suppose f = -9*z + 6*z + 1119. Is z prime?
True
Let l(h) = h**2 - h - 9. Is l(7) prime?
False
Let n be -6 + 5 + (1 - -3). Suppose 0*s - n*m + 70 = 4*s, 17 = s + m. Is s a prime number?
True
Let j = 230 - 81. Is j prime?
True
Let g = 357 - 235. Is g prime?
False
Let l(s) = 46*s**2 - s - 4. Is l(3) a composite number?
True
Suppose -3*w + 2427 = -5136. Is w a prime number?
True
Suppose 0 = -2*c + 575 + 695. Is (c/(-10))/((-1)/2) composite?
False
Let l be (-2)/(-4)*0*1. Suppose l = -4*j + 149 - 1. Is j prime?
True
Suppose -3*z + 65 = -46. Is z composite?
False
Let r(x) = -x**3 + 5*x**2 + 5*x + 2. Let b be r(6). Let h(n) = -2*n**3 - 6*n**2 - 4*n + 5. Is h(b) composite?
False
Let u(l) = -15*l**2 + 11*l - 6. Let h(b) = -5*b**2 + 4*b - 2. Let x(t) = 8*h(t) - 3*u(t). Let j be x(-4). Let k = j + 41. Is k prime?
True
Let t = 1 - -3. Suppose s - 6*s = -2*p + 330, 5*p = -t*s + 759. Suppose -6*l + l + p = 0. Is l a composite number?
False
Suppose -193 = 5*q - 768. Is q a composite number?
True
Suppose -2*t = -0*t - 158. Is t a prime number?
True
Suppose -3*p + 2*p - 8 = -2*w, 3*p = w - 4. Is ((-106)/w)/((-6)/12) a composite number?
False
Suppose 3*d - 8*d = 2*m - 37, -2*m + d = -43. Is m a prime number?
False
Suppose -f + 273 = 4*s, 0*s = -3*f - 3*s + 864. Is f composite?
False
Suppose 0 = -15*c + 17*c - 1130. Is c a composite number?
True
Let z = -6 - -9. Let b = -93 + 245. Suppose z*v = 419 - b. Is v a composite number?
False
Let f = 542 - 1. Is f a composite number?
False
Suppose -m - 3*m - 2*t = -26, 3*t = -15. Let d(o) be the third derivative of o**6/120 - 2*o**5/15 - 3*o**4/8 + 11*o**3/6 + o**2. Is d(m) a composite number?
False
Suppose -5*g + 63 + 42 = 0. Is g a composite number?
True
Suppose 5*n - 2*n - 222 = 0. Suppose 4*h - 198 = -n. Is h composite?
False
Let d(a) = -4*a - 11. Let k be d(-10). Suppose p - 6*l - k = -3*l, 5*p - 4*l - 134 = 0. Is p a composite number?
True
Let i = -12 - -14. Suppose 0 = -g + 9 - i. Is g composite?
False
Suppose -51 = 3*n - 15. Let v be (n/(-3))/(2/65). Suppose 3*u = 2*c + 6*u - v, -3*c - 2*u = -195. Is c prime?
False
Let i = -12 + -16. Let y = i - -46. Is 372/y*3/2 a prime number?
True
Suppose 2*g - 2176 = -2*g + 3*t, 2*g = t + 1086. Is g a composite number?
False
Let n(z) = 3*z**3 + 0*z**3 + 157 - 3*z**3 + z**3 + z**2. Is n(0) composite?
False
Suppose d - 7 - 1 = 4*q, 5*d = 3*q + 23. Let f(u) = 13*u - 1. Is f(d) a composite number?
True
Let l(p) = 5*p - 2. Is l(7) prime?
False
Suppose 0*f = -h - 5*f + 20, -3*h + 3*f - 12 = 0. Suppose -5*b + b = -12, h = 5*c - 3*b - 386. Is c prime?
True
Let o(k) be the third derivative of k**5/60 - 5*k**4/24 + 7*k**3/6 + k**2. Let j be o(7). Is j - 1 - (3 - 2) a prime number?
True
Let t(s) = -s**3 - 5*s**2 - 15*s + 16. Is t(-11) a prime number?
True
Let c(d) = -6*d + 13 + 5*d**2 - 4 - 4*d + d. Is c(7) a composite number?
False
Suppose 3*r - 2*r - 5*x - 3571 = 0, 0 = 2*r + 5*x - 7142. Is r prime?
True
Suppose -o = -f + 123, -o - 143 = -f - 5*o. Is f prime?
True
Suppose -4*z - t + 5255 = 0, 0 = -5*t + 2*t - 15. Is z a prime number?
False
Let u = 268 - 107. Is u a composite number?
True
Let z(c) = c**2 - 7*c + 3. Let a be z(7). Let f be (a + -2)*1*4. Suppose -n - 5*s = -f, -5*s - 53 = n - 3*n. Is n a prime number?
True
Suppose -5*y = -2*h + 5, -5*h - 1 = -y - 2. Let o(s) = -s**3 + 7*s**2 + 5*s - 6. Let m be o(4). Suppose -2*g + m = -h*g. Is g a prime number?
True
Let k = 4 - 7. Let q(o) = 25*o**2 + o + 1. Is q(k) prime?
True
Let n(o) = -46*o - 3. Suppose 0 = -q - 3*y - 4 - 10, 3*y + 12 = 0. Is n(q) prime?
True
Let i(q) = 1 + 0 + 1 - 6*q + 0. Let x = -8 + 6. Is i(x) a composite number?
True
Is 1869/14 + (-1)/2 composite?
True
Is 1/(-1*(-1)/35) composite?
True
Let p be (-3)/(-2)*8*-2. Let d = p - -48. Suppose 4*y - d = 172. Is y composite?
True
Suppose -9 = 3*t, -2*j - 2*j - 3 = -3*t. Let n(w) = -2*w - 4*w**2 + 1 + 2*w - 2*w**3. Is n(j) prime?
True
Suppose -s = -2*s - 1. Let d be -1 + s - (-3 + -24). Suppose 2*j = 3 + d. Is j prime?
False
Suppose 2*x - 9170 = 4*p, -5*x + 0*p + p = -22961. Is x a prime number?
False
Suppose -5*k = -2*v - 517, 1 = 2*k + 2*v - 203. Is k prime?
True
Suppose -3*p = 51 + 285. Let q be (-191)/2*-2*-1. Let c = p - q. Is c prime?
True
Let u = -1 - -663. Is u a prime number?
False
Suppose 0 = -f + 6 - 3, -3*m + 75 = 2*f. Let k = m + -16. Is k a prime number?
True
Let i be -2 - (-31 - (3 + -2)). Suppose -5*k + 3*k = -3*g - i, 8 = 2*g. Is k a prime number?
False
Let y = -171 - -288. Suppose y = -o + 4*o. Suppose -5*m + 4*a + 165 = 0, 0 = -4*m + 3*a - o + 172. Is m composite?
False
Suppose -3*n = -4*b - 430, 0*n - 2*n + b + 290 = 0. Is n a composite number?
True
Suppose 0 = 2*l + 6, l - 5*l - 6 = 2*v. Is (14 - 251)*(-1)/v a composite number?
False
Let z be (8/5)/((-1)/5). Let v(w) = -20*w - 11. Is v(z) composite?
False
Suppose 2*m + 12 = 6*m. Suppose -m*v + 201 = -126. Is v prime?
True
Suppose -22*n + 2620 = -18*n. Is n a composite number?
True
Let q be (-6)/(-3)*2/4. Let c(l) = 263*l**2 + l - 1. Is c(q) prime?
True
Let i(j) = j + 13. Let b be i(-7). Suppose -2*q = x, 5*q + 3*x + b = -x. Suppose 84 = 2*g - q*c, -3*g - 5*c - 38 = -4*g. Is g a prime number?
True
Let s = -16 - -165. Is s a composite number?
False
Suppose 7*h - 669 = 4*h. Is h composite?
False
Is ((-170)/51)/((-4)/78) prime?
False
Let y(x) = x**2 - 9. Is y(-8) prime?
False
Suppose -j = -3*j - b + 3422, 4*j - 6844 = b. Is j a prime number?
False
Let t(j) = 5*j**3 + 4*j**2 + 8*j + 5. Let s(q) = 14*q**3 + 11*q**2 + 23*q + 14. Let n(g) = -6*s(g) + 17*t(g). Is n(4) a prime number?
True
Suppose 5*i + 0*i - 55 = 0. Suppose i*j - 15*j = -2004. Is j composite?
True
Let g be 4/30*3*135. Let a = g + 73. Is a composite?
False
Is (2/(-3))/((-1907)/381 - -5) prime?
True
Let t be (131/(-3))/((-4)/12). Let q = -76 + t. Is q a composite number?
True
Let a(b) = 3*b**2 + 3*b + 2. Let w be a(-2). Let x(m) = -m - 1. Let p(d) = -d + 6. Let z(v) = -p(v) - 4*x(v). Is z(w) prime?
False
Let z(u) = -156*u - 17. Is z(-10) a composite number?
False
Suppose -5*a = 11 + 4, -106 = l + 4*a. Let h = l + 131. Is h a prime number?
True
Let y be (36/(-48))/((-2)/8). Suppose 1680 = 6*u - 2*u + 2*q, 6 = y*q. Is u composite?
False
Let d = 237 + -411. Let l = d - -293. Is l a composite number?
True
Let o(b) = 107*b + 5. Suppose y = -2*h - 3*h + 29, 4*h - 5*y = 29. Is o(h) a composite number?
False
Suppose 101 = 2*n - 121. Suppose -3*m + 169 = -f, -m + f = m - n. Is m prime?
False
Suppose 3*f - 2*n = 20, 0 = -5*f - 0*n + 2*n + 32. Let d(o) = 14*o - 5. Is d(f) composite?
False
Let o(u) = -2*u + u**3 + 4*u**2 + 2 + u**3 - u**3. Suppose 0 = -2*m + x + 7, 0*m - 4*m - x + 11 = 0. Is o(m) a prime number?
True
Let t = -1 - -2. Let s(j) = -3*j - t + 2 + 8*j. Is s(5) prime?
False
Let p be (18/15)/((-3)/(-10)). Let z be ((-110)/p)/(-5)*2. Let s = z - -4. Is s composite?
True
Let l(d) = -d + 4. Let b be l(2). Suppose -5*z = 5*t - 20, t = -3*z + 6 - 0. Suppose -c + b*g + 41 = 4*g, 3*g - 126 = -t*c. Is c a composite number?
False
Suppose 17 + 7 = 3*a + 5*w, a - 5*w = -12. Suppose 0 = a*g - 5*i - 4, i + 15 = -2*i. Let d(x) = -4*x - 5. Is d(g) a prime number?
True
Let c(q) = q**3 - 2*q**2 - 2*q + 751. Is c(0) a composite number?
False
Let g(x) = -4*x + 1. Is g(-5) a prime number?
False
Is 233 - -2 - (0 + 0) prime?
False
Let r = 3 - -4. Suppose 4*k - 2*s = -r*s + 1027, 3*k + 4*s - 771 = 0. Suppose k = 5*p - 4*a, 3*p - 97 = p + 3*a. Is p a composite number?
Fa